0583 - 6?
-210589
In base 9, what is -5 + 2302734?
2302728
In base 2, what is 110111000110101101110101 + -101?
110111000110101101110000
In base 16, what is 767 + 117?
87e
In base 15, what is -31 - -a6c1?
a690
In base 3, what is 121102111122001 - 2?
121102111121222
In base 11, what is -222 - -52a709?
52a497
In base 4, what is -110202231 - -130221?
-110012010
In base 3, what is -121210212201 - 2002?
-121210221210
In base 14, what is 11 - 67a88?
-67a77
In base 9, what is -86 - -3383411?
3383314
In base 2, what is 100011001011 - 11010100000?
1000101011
In base 11, what is 5174 + -472?
4802
In base 2, what is -10001001110110010111 - 100100?
-10001001110110111011
In base 2, what is -10 + 100110111000110100000111?
100110111000110100000101
In base 12, what is -4 - 6274a9?
-6274b1
In base 15, what is 440d4 + -53?
44081
In base 5, what is 2210 + -221400243?
-221343033
In base 12, what is -60 + 6188?
6128
In base 15, what is -3687 - 345?
-39cc
In base 9, what is -11152 + -42?
-11204
In base 4, what is 2 + -211121211210?
-211121211202
In base 5, what is -43301 + 20041?
-23210
In base 11, what is 2087 - -82593?
8466a
In base 12, what is -1 + -375892a?
-375892b
In base 6, what is -21353 + 5335323?
5313530
In base 14, what is 281 - 48a7?
-4626
In base 5, what is -242141201034 + 0?
-242141201034
In base 9, what is -22226780 + 0?
-22226780
In base 14, what is -5 - 1a9b1cd?
-1a9b1d4
In base 15, what is 1550011 + 5?
1550016
In base 14, what is 35b + -22b?
130
In base 14, what is -9 + d19c16?
d19c0b
In base 14, what is -1743 - -12968?
11225
In base 11, what is -146 - 1a5927?
-1a5a72
In base 7, what is 0 + -21041111?
-21041111
In base 14, what is -126 + 97819?
976d3
In base 15, what is -2a36 + 3793?
c5c
In base 3, what is 112021 - -120222122222?
121000012020
In base 9, what is 287331827 + -7?
287331820
In base 6, what is -24532 - 425424?
-454400
In base 11, what is 3 + -1399a7?
-1399a4
In base 3, what is -1101 + -22001022202?
-22001101010
In base 8, what is 430343410 + -2?
430343406
In base 12, what is -1159 + 29219?
28080
In base 13, what is 4cb720 - 2a?
4cb6c3
In base 3, what is -210 - -1000121022210002?
1000121022202022
In base 12, what is -1365753 - -26?
-1365729
In base 13, what is 12a2b + -10a9?
11952
In base 5, what is 11034401303 + 2?
11034401310
In base 16, what is -261c + -10b1?
-36cd
In base 16, what is 24 - 1ae7e?
-1ae5a
In base 10, what is 13946 - -5610?
19556
In base 4, what is 1 + -1010012301230?
-1010012301223
In base 14, what is -93ac37 - -83?
-93ab94
In base 16, what is 1d2f - -1d3fd?
1f12c
In base 13, what is 13ba377 + 5?
13ba37c
In base 6, what is 12411055 - -2?
12411101
In base 7, what is -332 - -2056352?
2056020
In base 12, what is -21a7 - -15389?
131a2
In base 3, what is 20 + 12102201020111?
12102201020201
In base 11, what is 56081 + 57?
56128
In base 9, what is -80072 + 2170?
-76802
In base 12, what is 52 - -5b86b?
5b901
In base 5, what is -1134013 - 3042?
-1142110
In base 9, what is 211357 + 335?
211703
In base 4, what is 222210220100 + 3?
222210220103
In base 6, what is 1203440 - -221420?
1425300
In base 13, what is -5 - 3094b3a?
-3094b42
In base 5, what is 2321 + -102030042?
-102022221
In base 9, what is -84160 - -403?
-83656
In base 10, what is -10 + 3087595?
3087585
In base 10, what is -9 - 354982?
-354991
In base 6, what is -2401000 - 240?
-2401240
In base 5, what is 11342302043 - 133?
11342301410
In base 8, what is 32034737 - 1?
32034736
In base 11, what is -18411 + 6a5?
-17817
In base 7, what is -46316530044 - 5?
-46316530052
In base 7, what is -143330 - 201?
-143531
In base 4, what is 2320012103022 - -10?
2320012103032
In base 9, what is -838 - 214?
-1153
In base 14, what is -1598b3c + -3?
-1598b41
In base 7, what is 14516 - -424?
15243
In base 8, what is 4 + -4562154?
-4562150
In base 9, what is 1484325 - -104?
1484430
In base 9, what is -80077 + -2884?
-83072
In base 4, what is -233 + -111211232102?
-111211233001
In base 12, what is -2bba + 1012?
-1ba8
In base 9, what is 225 + 52420?
52645
In base 7, what is -33314360 - -4?
-33314353
In base 5, what is 24443003 - 313?
24442140
In base 2, what is 1000010 + -1000001110000?
-1000000101110
In base 8, what is 5 - 2274101327?
-2274101322
In base 7, what is -214365 + 6566?
-204466
In base 4, what is -310 - 1010100123011?
-1010100123321
In base 8, what is -17051 - -1052?
-15777
In base 12, what is -3 - 471a1372?
-471a1375
In base 8, what is 1 - -3305074?
3305075
In base 4, what is 112331300023 - 321?
112331233102
In base 7, what is -10 - 2034354231?
-2034354241
In base 6, what is -5 - -2042533333?
2042533324
In base 16, what is -29 - -23ace?
23aa5
In base 15, what is -30b3 + 13cc?
-1bd6
In base 10, what is -8679115 + 13?
-8679102
In base 16, what is 3fba67 + a?
3fba71
In base 11, what is -120 + 892453?
892333
In base 13, what is 3 + -16578?
-16575
In base 3, what is -10110111012 + 11100022?
-10022010220
In base 11, what is -85 - -65243?
65169
In base 3, what is -21121 - 11112110201?
-11112202022
In base 9, what is 5667 - -51654?
57432
In base 9, what is 4608646 + 23?
4608670
In base 13, what is -58780 + -b9?
-58869
In base 13, what is -16599b - -2?
-165999
In base 5, what is 11434004240 + 0?
11434004240
In base 6, what is -35213101 + 350?
-35212311
In base 15, what is -42d - -6eb8?
6a8a
In base 13, what is 15382b + -8a1?
152c5a
In base 13, what is 183774 - -c?
183783
In base 3, what is -221 - -2021210120020?
2021210112022
In base 6, what is -3 + -2004013433?
-2004013440
In base 4, what is 11 + 1113320130232?
1113320130303
In base 11, what is -438226 + -253?
-438479
In base 11, what is 21781a - 7?
217813
In base 11, what is 1365 + 2a496?
30850
In base 8, what is 35 - -642570?
642625
In base 10, what is 370 + 45944?
46314
In base 6, what is -414310 - 4555?
-423305
In base 4, what is 2013213333 - -20023?
2013300022
In base 3, what is -10011222011122020100 - 12?
-10011222011122020112
In base 14, what is -159dc395 + 5?
-159dc390
In base 12, what is 340 - 6130?
-59b0
In base 3, what is 100101202012111 + 12?
100101202012200
In base 16, what is 90 - -556f5?
55785
In base 10, what is 21401458 - -5?
21401463
In base 7, what is 101415 + 1122?
102540
In base 14, what is 501 + -40b08?
-40607
In base 13, what is 34224a2 + -2?
34224a0
In base 8, what is -563 + -34046?
-34631
In base 14, what is c0 + 12778a?
12786a
In base 12, what is 2943 - 400?
2543
In base 13, what is 4b1 + 186b5?
18b96
In base 11, what is 6104 - 569?
5646
In base 9, what is 1662838 + -42?
1662786
In base 7, what is -15 + -65015324?
-65015342
In base 3, what is -22100112210 + 202011?
-22022210122
In base 7, what is -424 - 50201400?
-50202124
In base 7, what is 365114 + -2233?
362551
In base 2, what is 1001 + 101111111000110111010?
101111111000111000011
In base 5, what is -1221204414 - 1?
-1221204420
In base 5, what is 0 - -3330124313?
3330124313
In base 7, what is -5665 + -33134?
-42132
In base 9, what is 20025431 + -18?
20025412
In base 14, what is -7 - 92246c?
-922475
In base 12, what is -23444 + -1095?
-24519
In base 10, what is 14608432 + -2?
14608430
In base 16, what is 5b74a + 113?
5b85d
In base 16, what is 3 + 1e27d1?
1e27d4
In base 5, what is 2 + 2423113013?
2423113020
In base 15, what is -4 + 309766?
309762
In base 13, what is -2 - ca584?
-ca586
In base 15, what is 256e57 + 0?
256e57
In base 14, what is -11b7d35 + -4?
-11b7d39
In base 11, what is 1 + 347433?
347434
In base 12, what is -4 - -899543?
89953b
In base 7, what is -501032055 + -5?
-501032063
In base 9, what is -34 - 403401?
-403435
In base 5, what is 121 - 14321100?
-14320424
In base 7, what is 123 - 4330606?
-4330453
In base 9, what is 50540556 - -4?
50540561
In base 4, what is -200 + 1032211301?
1032211101
In base 10, what is 5 - -12134980?
12134985
In base 11, what is 618a - -3a5a?
a139
In base 2, what is 101010011000011000010 + -10110111?
101010011000000001011
In base 13, what is 5 + 4c94a32?
4c94a37
In base 4, what is 23 + 1231321110?
1231321133
In base 6, what is -25305343 - -23?
-25305320
In base 16, what is 0 + 3fea9c6?
3fea9c6
In base 4, what is 3230301033 - -12?
3230301111
In base 6, what is -22441110130 - 2?
-22441110132
In base 16, what is -b + -9cc02?
-9cc0d
In base 6, what is -245 + 1443430441?
1443430152
In base 11, what is 62 - 31595?
-31533
In